{"id":214,"date":"2022-01-27T13:46:23","date_gmt":"2022-01-27T13:46:23","guid":{"rendered":"https:\/\/www.acumieira.com\/?page_id=214"},"modified":"2024-12-26T22:31:27","modified_gmt":"2024-12-26T22:31:27","slug":"contatos-1","status":"publish","type":"page","link":"https:\/\/www.acumieira.com\/index.php\/contatos-1\/","title":{"rendered":"Contatos"},"content":{"rendered":"<p>&nbsp;<\/p>\n<table style=\"border-collapse: collapse; width: 82.9721%; height: 47px;\">\n<tbody>\n<tr>\n<td><img loading=\"lazy\" decoding=\"async\" class=\" wp-image-135 alignleft\" src=\"https:\/\/www.acumieira.com\/wp-content\/uploads\/2022\/01\/Logotipo-novo-1-240x300.jpg\" alt=\"\" width=\"279\" height=\"348\" srcset=\"https:\/\/www.acumieira.com\/wp-content\/uploads\/2022\/01\/Logotipo-novo-1-240x300.jpg 240w, https:\/\/www.acumieira.com\/wp-content\/uploads\/2022\/01\/Logotipo-novo-1-820x1024.jpg 820w, https:\/\/www.acumieira.com\/wp-content\/uploads\/2022\/01\/Logotipo-novo-1-768x960.jpg 768w, https:\/\/www.acumieira.com\/wp-content\/uploads\/2022\/01\/Logotipo-novo-1-1229x1536.jpg 1229w, https:\/\/www.acumieira.com\/wp-content\/uploads\/2022\/01\/Logotipo-novo-1-1639x2048.jpg 1639w\" sizes=\"auto, (max-width: 279px) 100vw, 279px\" \/><\/td>\n<td>\n<h4 style=\"text-align: center;\"><strong><span style=\"color: #000080;\">Associa\u00e7\u00e3o S\u00f3cio-Cultural, Recreativa e Educativa de Cumieira e Circunvizinhas<\/span><\/strong><\/h4>\n<p>&nbsp;<\/p>\n<p>&nbsp;<\/p>\n<p style=\"text-align: center;\"><strong><span style=\"color: #3366ff;\">Morada:<\/span>\u00a0Rua Principal n\u00ba3, 3100-334 Cumieira &#8211; Pombal<\/strong><\/p>\n<p style=\"text-align: center;\"><strong><span style=\"color: #3366ff;\">Telefone:<\/span>\u00a0236 212 072<\/strong><\/p>\n<p style=\"text-align: center;\"><strong><span style=\"color: #3366ff;\">E-mail:\u00a0<\/span>geral@acumieira.com<\/strong><\/p>\n<p>&nbsp;<\/td>\n<\/tr>\n<\/tbody>\n<\/table>\n","protected":false},"excerpt":{"rendered":"<p>&nbsp; Associa\u00e7\u00e3o S\u00f3cio-Cultural, Recreativa e Educativa de Cumieira e Circunvizinhas &nbsp; &nbsp; Morada:\u00a0Rua Principal n\u00ba3, 3100-334 Cumieira &#8211; Pombal Telefone:\u00a0236 [&hellip;]<\/p>\n","protected":false},"author":1,"featured_media":0,"parent":0,"menu_order":0,"comment_status":"closed","ping_status":"closed","template":"","meta":{"footnotes":""},"class_list":["post-214","page","type-page","status-publish","hentry"],"yoast_head":"<!-- This site is optimized with the Yoast SEO plugin v27.3 - https:\/\/yoast.com\/product\/yoast-seo-wordpress\/ -->\r\n<title>Contatos - Associa\u00e7\u00e3o S\u00f3cio-Cultural, Recreativa e Educativa de Cumieira e Circunvizinhas<\/title>\r\n<meta name=\"robots\" content=\"index, follow, max-snippet:-1, max-image-preview:large, max-video-preview:-1\" \/>\r\n<link rel=\"canonical\" href=\"https:\/\/www.acumieira.com\/index.php\/contatos-1\/\" \/>\r\n<meta property=\"og:locale\" content=\"pt_PT\" \/>\r\n<meta property=\"og:type\" content=\"article\" \/>\r\n<meta property=\"og:title\" content=\"Contatos - Associa\u00e7\u00e3o S\u00f3cio-Cultural, Recreativa e Educativa de Cumieira e Circunvizinhas\" \/>\r\n<meta property=\"og:description\" content=\"&nbsp; Associa\u00e7\u00e3o S\u00f3cio-Cultural, Recreativa e Educativa de Cumieira e Circunvizinhas &nbsp; &nbsp; Morada:\u00a0Rua Principal n\u00ba3, 3100-334 Cumieira &#8211; Pombal Telefone:\u00a0236 [&hellip;]\" \/>\r\n<meta property=\"og:url\" content=\"https:\/\/www.acumieira.com\/index.php\/contatos-1\/\" \/>\r\n<meta property=\"og:site_name\" content=\"Associa\u00e7\u00e3o S\u00f3cio-Cultural, Recreativa e Educativa de Cumieira e Circunvizinhas\" \/>\r\n<meta property=\"article:modified_time\" content=\"2024-12-26T22:31:27+00:00\" \/>\r\n<meta property=\"og:image\" content=\"https:\/\/www.acumieira.com\/wp-content\/uploads\/2022\/01\/Logotipo-novo-1-scaled.jpg\" \/>\r\n\t<meta property=\"og:image:width\" content=\"2049\" \/>\r\n\t<meta property=\"og:image:height\" content=\"2560\" \/>\r\n\t<meta property=\"og:image:type\" content=\"image\/jpeg\" \/>\r\n<meta name=\"twitter:card\" content=\"summary_large_image\" \/>\r\n<meta name=\"twitter:label1\" content=\"Tempo estimado de leitura\" \/>\n\t<meta name=\"twitter:data1\" content=\"1 minuto\" \/>\r\n<script type=\"application\/ld+json\" class=\"yoast-schema-graph\">{\"@context\":\"https:\\\/\\\/schema.org\",\"@graph\":[{\"@type\":\"WebPage\",\"@id\":\"https:\\\/\\\/www.acumieira.com\\\/index.php\\\/contatos-1\\\/\",\"url\":\"https:\\\/\\\/www.acumieira.com\\\/index.php\\\/contatos-1\\\/\",\"name\":\"Contatos - Associa\u00e7\u00e3o S\u00f3cio-Cultural, Recreativa e Educativa de Cumieira e Circunvizinhas\",\"isPartOf\":{\"@id\":\"https:\\\/\\\/www.acumieira.com\\\/#website\"},\"primaryImageOfPage\":{\"@id\":\"https:\\\/\\\/www.acumieira.com\\\/index.php\\\/contatos-1\\\/#primaryimage\"},\"image\":{\"@id\":\"https:\\\/\\\/www.acumieira.com\\\/index.php\\\/contatos-1\\\/#primaryimage\"},\"thumbnailUrl\":\"https:\\\/\\\/www.acumieira.com\\\/wp-content\\\/uploads\\\/2022\\\/01\\\/Logotipo-novo-1-240x300.jpg\",\"datePublished\":\"2022-01-27T13:46:23+00:00\",\"dateModified\":\"2024-12-26T22:31:27+00:00\",\"breadcrumb\":{\"@id\":\"https:\\\/\\\/www.acumieira.com\\\/index.php\\\/contatos-1\\\/#breadcrumb\"},\"inLanguage\":\"pt-PT\",\"potentialAction\":[{\"@type\":\"ReadAction\",\"target\":[\"https:\\\/\\\/www.acumieira.com\\\/index.php\\\/contatos-1\\\/\"]}]},{\"@type\":\"ImageObject\",\"inLanguage\":\"pt-PT\",\"@id\":\"https:\\\/\\\/www.acumieira.com\\\/index.php\\\/contatos-1\\\/#primaryimage\",\"url\":\"https:\\\/\\\/www.acumieira.com\\\/wp-content\\\/uploads\\\/2022\\\/01\\\/Logotipo-novo-1-scaled.jpg\",\"contentUrl\":\"https:\\\/\\\/www.acumieira.com\\\/wp-content\\\/uploads\\\/2022\\\/01\\\/Logotipo-novo-1-scaled.jpg\",\"width\":2049,\"height\":2560},{\"@type\":\"BreadcrumbList\",\"@id\":\"https:\\\/\\\/www.acumieira.com\\\/index.php\\\/contatos-1\\\/#breadcrumb\",\"itemListElement\":[{\"@type\":\"ListItem\",\"position\":1,\"name\":\"In\u00edcio\",\"item\":\"https:\\\/\\\/www.acumieira.com\\\/\"},{\"@type\":\"ListItem\",\"position\":2,\"name\":\"Contatos\"}]},{\"@type\":\"WebSite\",\"@id\":\"https:\\\/\\\/www.acumieira.com\\\/#website\",\"url\":\"https:\\\/\\\/www.acumieira.com\\\/\",\"name\":\"Associa\u00e7\u00e3o S\u00f3cio-Cultural, Recreativa e Educativa de Cumieira e Circunvizinhas\",\"description\":\"\",\"potentialAction\":[{\"@type\":\"SearchAction\",\"target\":{\"@type\":\"EntryPoint\",\"urlTemplate\":\"https:\\\/\\\/www.acumieira.com\\\/?s={search_term_string}\"},\"query-input\":{\"@type\":\"PropertyValueSpecification\",\"valueRequired\":true,\"valueName\":\"search_term_string\"}}],\"inLanguage\":\"pt-PT\"}]}<\/script>\r\n<!-- \/ Yoast SEO plugin. -->","yoast_head_json":{"title":"Contatos - Associa\u00e7\u00e3o S\u00f3cio-Cultural, Recreativa e Educativa de Cumieira e Circunvizinhas","robots":{"index":"index","follow":"follow","max-snippet":"max-snippet:-1","max-image-preview":"max-image-preview:large","max-video-preview":"max-video-preview:-1"},"canonical":"https:\/\/www.acumieira.com\/index.php\/contatos-1\/","og_locale":"pt_PT","og_type":"article","og_title":"Contatos - Associa\u00e7\u00e3o S\u00f3cio-Cultural, Recreativa e Educativa de Cumieira e Circunvizinhas","og_description":"&nbsp; Associa\u00e7\u00e3o S\u00f3cio-Cultural, Recreativa e Educativa de Cumieira e Circunvizinhas &nbsp; &nbsp; Morada:\u00a0Rua Principal n\u00ba3, 3100-334 Cumieira &#8211; Pombal Telefone:\u00a0236 [&hellip;]","og_url":"https:\/\/www.acumieira.com\/index.php\/contatos-1\/","og_site_name":"Associa\u00e7\u00e3o S\u00f3cio-Cultural, Recreativa e Educativa de Cumieira e Circunvizinhas","article_modified_time":"2024-12-26T22:31:27+00:00","og_image":[{"width":2049,"height":2560,"url":"https:\/\/www.acumieira.com\/wp-content\/uploads\/2022\/01\/Logotipo-novo-1-scaled.jpg","type":"image\/jpeg"}],"twitter_card":"summary_large_image","twitter_misc":{"Tempo estimado de leitura":"1 minuto"},"schema":{"@context":"https:\/\/schema.org","@graph":[{"@type":"WebPage","@id":"https:\/\/www.acumieira.com\/index.php\/contatos-1\/","url":"https:\/\/www.acumieira.com\/index.php\/contatos-1\/","name":"Contatos - Associa\u00e7\u00e3o S\u00f3cio-Cultural, Recreativa e Educativa de Cumieira e Circunvizinhas","isPartOf":{"@id":"https:\/\/www.acumieira.com\/#website"},"primaryImageOfPage":{"@id":"https:\/\/www.acumieira.com\/index.php\/contatos-1\/#primaryimage"},"image":{"@id":"https:\/\/www.acumieira.com\/index.php\/contatos-1\/#primaryimage"},"thumbnailUrl":"https:\/\/www.acumieira.com\/wp-content\/uploads\/2022\/01\/Logotipo-novo-1-240x300.jpg","datePublished":"2022-01-27T13:46:23+00:00","dateModified":"2024-12-26T22:31:27+00:00","breadcrumb":{"@id":"https:\/\/www.acumieira.com\/index.php\/contatos-1\/#breadcrumb"},"inLanguage":"pt-PT","potentialAction":[{"@type":"ReadAction","target":["https:\/\/www.acumieira.com\/index.php\/contatos-1\/"]}]},{"@type":"ImageObject","inLanguage":"pt-PT","@id":"https:\/\/www.acumieira.com\/index.php\/contatos-1\/#primaryimage","url":"https:\/\/www.acumieira.com\/wp-content\/uploads\/2022\/01\/Logotipo-novo-1-scaled.jpg","contentUrl":"https:\/\/www.acumieira.com\/wp-content\/uploads\/2022\/01\/Logotipo-novo-1-scaled.jpg","width":2049,"height":2560},{"@type":"BreadcrumbList","@id":"https:\/\/www.acumieira.com\/index.php\/contatos-1\/#breadcrumb","itemListElement":[{"@type":"ListItem","position":1,"name":"In\u00edcio","item":"https:\/\/www.acumieira.com\/"},{"@type":"ListItem","position":2,"name":"Contatos"}]},{"@type":"WebSite","@id":"https:\/\/www.acumieira.com\/#website","url":"https:\/\/www.acumieira.com\/","name":"Associa\u00e7\u00e3o S\u00f3cio-Cultural, Recreativa e Educativa de Cumieira e Circunvizinhas","description":"","potentialAction":[{"@type":"SearchAction","target":{"@type":"EntryPoint","urlTemplate":"https:\/\/www.acumieira.com\/?s={search_term_string}"},"query-input":{"@type":"PropertyValueSpecification","valueRequired":true,"valueName":"search_term_string"}}],"inLanguage":"pt-PT"}]}},"_links":{"self":[{"href":"https:\/\/www.acumieira.com\/index.php\/wp-json\/wp\/v2\/pages\/214","targetHints":{"allow":["GET"]}}],"collection":[{"href":"https:\/\/www.acumieira.com\/index.php\/wp-json\/wp\/v2\/pages"}],"about":[{"href":"https:\/\/www.acumieira.com\/index.php\/wp-json\/wp\/v2\/types\/page"}],"author":[{"embeddable":true,"href":"https:\/\/www.acumieira.com\/index.php\/wp-json\/wp\/v2\/users\/1"}],"replies":[{"embeddable":true,"href":"https:\/\/www.acumieira.com\/index.php\/wp-json\/wp\/v2\/comments?post=214"}],"version-history":[{"count":10,"href":"https:\/\/www.acumieira.com\/index.php\/wp-json\/wp\/v2\/pages\/214\/revisions"}],"predecessor-version":[{"id":496,"href":"https:\/\/www.acumieira.com\/index.php\/wp-json\/wp\/v2\/pages\/214\/revisions\/496"}],"wp:attachment":[{"href":"https:\/\/www.acumieira.com\/index.php\/wp-json\/wp\/v2\/media?parent=214"}],"curies":[{"name":"wp","href":"https:\/\/api.w.org\/{rel}","templated":true}]}}